culate c(u).
4
Let c(b) = b**2 + 8*b + 5. Let d be c(-7). Let s(z) = -z**3 + 3*z**2 + z - 1. Calculate s(d).
17
Suppose -3*p - 2 = 2*q + 29, 53 = -5*p - 4*q. Let m = p - -11. Let n(a) = 4*a**2 - 4*a + 2. Calculate n(m).
10
Let g(o) = -7*o - o + 7*o. Suppose 0 = -4*w + 6 + 6. Suppose -i - 10 = w*v, v - 5*v - i = 14. Give g(v).
4
Let g be 1/7 - (-18)/(-126). Let t(v) = 4 - 2*v**2 - 2*v**2 + v**3 + 3*v**2. Determine t(g).
4
Let w(a) be the first derivative of a**2/2 - a + 1. Let j be w(-3). Let c(t) = -t - 2. What is c(j)?
2
Let l(b) be the first derivative of 7 + 0*b - 3*b**2 + 1/4*b**4 - 5/3*b**3. What is l(6)?
0
Let z(h) = -4*h + 1. Let l(q) = -q**2 + 7*q - 7. Let c be l(6). Calculate z(c).
5
Let k(z) = -11*z - 13. Let s(w) = -5*w - 6. Let m(t) = 6*k(t) - 13*s(t). Determine m(0).
0
Let l(g) = g**3 - 6*g**2 - 6*g**2 + 2*g**2 + 2*g + 7*g**2. What is l(3)?
6
Let b(g) = 5*g + 10. Let o be b(-10). Let v(c) = c**2 - c + 1. Let t(a) = -7*a**2 + 8*a - 8. Let f(w) = o*v(w) - 5*t(w). What is f(-1)?
-5
Let s(m) be the third derivative of -m**4/24 - 2*m**3/3 + 2*m**2. Calculate s(4).
-8
Let j(b) be the third derivative of -b**5/60 + 7*b**4/24 - b**3 - 5*b**2. Let r = 2 + 3. What is j(r)?
4
Let n = -63 - -59. Let p(w) = -w**2 - 5*w - 5. Calculate p(n).
-1
Let t be -26*1/12 + (-2)/(-12). Let a(q) = -3*q**3 - 3*q**2 - 4*q - 2. Calculate a(t).
18
Let y(j) = -j**2 + 9*j - 8. Suppose 2*x - 26 = -4*c, -41 = -4*x - x - 2*c. What is y(x)?
6
Let x(r) = -3*r**3 + 2*r**2 - 1. Let s be (-36)/60 - (-4)/(-10). Let d be 1/(s + (-2 - -4)). Give x(d).
-2
Let m(f) = -f**3 - f**2 + f + 1. Let z be -2 + 2 + -10 + 1. Let j = z + 7. Let d(x) = x**3 + 6*x**2 + 3*x - 3. Let r(k) = j*m(k) - d(k). Calculate r(5).
1
Let o(x) = 8*x - 6*x + 1 - 5*x. What is o(5)?
-14
Let a = -10 + 5. Let u(d) = -3*d + 4. Give u(a).
19
Let q = 1 - -2. Let b(x) be the third derivative of -x**7/2520 + x**6/240 - x**5/60 - x**4/12 + 2*x**2. Let y(s) be the second derivative of b(s). What is y(q)?
-2
Let z(h) = h**2 - h - 6. Let v = -4 + 4. Determine z(v).
-6
Suppose 3 = a, -5*a + 11 = -4*w + 4. Let t(q) = -2*q + 3*q + 0*q + w. Let r = 3 - 1. Determine t(r).
4
Let o = -9 + 4. Let v = 10 + o. Let n(l) = -2*l + 4. Calculate n(v).
-6
Let c(b) = b**2 - 1. Let j(p) = 8*p**2 - p - 4. Let h(g) = -5*c(g) + j(g). Suppose 10*z - 5*z + 2*x - 8 = 0, -4*z = 5*x - 3. What is h(z)?
11
Let g be (4/(-6))/((-2)/(-12)). Suppose o - 12 = -3*o. Let a = o + g. Let v(k) = -5*k**2 + 2*k + 1. Calculate v(a).
-6
Let o = 6 - 0. Let w(j) = -j - 1. Give w(o).
-7
Let p = -20 - -25. Let c(z) be the second derivative of 2*z**2 + 1/20*z**p + z - z**3 + 0 - 1/3*z**4. What is c(5)?
-1
Let c = 3 + 6. Let y(s) = s**3 - 8*s**2 - 10*s + 13. Calculate y(c).
4
Let h(o) = -o**2 - o + 2. Let v(b) = 2*b**2 + b - 5. Let x(c) = 9*h(c) + 4*v(c). Give x(-5).
-2
Let r(o) be the first derivative of -13*o**2/2 - o - 4. Let n(x) = -14*x - 1. Let a(h) = 3*n(h) - 4*r(h). Let j be 1/1 + -1 + -1. Give a(j).
-9
Let l(n) = -n - 7. Let z(t) = -2*t - 4. Let a be z(-6). Let j = a + -8. Give l(j).
-7
Let v(c) = 5 + 4*c - 3 + c**2 + 0*c**2. Let a be (-2 - -12)*2/(-4). Give v(a).
7
Let s be 2/5 - 91/(-35). Let i(c) = -c. Give i(s).
-3
Let v(h) = -6*h + 60. Let g be v(11). Let o(i) = i**2 + 9*i + 6. What is o(g)?
-12
Let o be 1 - 0/(-3) - -1. Let z(f) = f**o - 2*f**3 - 2 + 3 + f + f**3 + 2*f. Calculate z(3).
-8
Let s = -2 - 1. Let h be 84/18 - (-2)/s. Let x = 4 - h. Let r(p) = p**2 - p - 2. Calculate r(x).
-2
Let y(p) be the first derivative of -p**3/3 + 4*p**2 - 9*p - 20. What is y(7)?
-2
Let k(g) = g**3 + g**2 + g + 5. Let f(v) = 2*v**3 + v**2 + 2*v + 11. Let z(o) = -o - 2. Let x be z(-5). Let l(y) = x*f(y) - 7*k(y). What is l(-4)?
2
Let i = -11 + 11. Let w = -1 - i. Let a(v) = 8*v**2 - v. Determine a(w).
9
Let n(x) = 5*x**2 - 2*x + 2. Let q(j) = 14*j**2 - 6*j + 5. Let l(r) = 11*n(r) - 4*q(r). Calculate l(-2).
-6
Let k(x) = x**3 + 4*x**2 + 3*x + 2. Let d = 7 + -17. Let u(g) = 2*g + 11. Let n be u(-9). Let s = d - n. Give k(s).
2
Let u(p) = p**2 + 3*p - 4. Let j be ((-10)/8)/((-3)/24). Let y be ((-18)/(-15))/((-3)/j). Determine u(y).
0
Suppose 2*h = 4*h. Suppose h = 3*v + 2*v + 30. Let z(f) = 2*f + 6. What is z(v)?
-6
Let o(w) = -w**2 + 12*w - 2. Let y(f) = f**2 - 13*f + 2. Let k(x) = -7*o(x) - 6*y(x). Let g be 66/10 - (-1)/(5/(-3)). Calculate k(g).
2
Let j(f) be the first derivative of 2*f - 9/2*f**2 - 1/6*f**3 - 2. Let z(w) be the first derivative of j(w). Determine z(-4).
-5
Let f(o) = -o**3 + 5*o**2 + 5*o + 5. Let i be f(6). Let l(t) = -t**3 + t**2 + t. What is l(i)?
1
Suppose 3*k + 3 = 3*w, 0 = -w - k - 2 - 5. Let y = 29 - 15. Let z(i) = 9*i - 7. Let s(n) = 4*n - 3. Let r(q) = y*s(q) - 6*z(q). Calculate r(w).
-6
Let u(f) = 1 - f**3 + 4*f - 4*f**2 + f**3 - f**3. Calculate u(-5).
6
Let u(v) = -v - 4. Let x(m) = m + 4. Let y(j) = -3*u(j) - 2*x(j). Let t be y(-6). Let q be t/(1/(-3)*2). Let d(o) = o**3 - 4*o**2 + o + 1. What is d(q)?
-5
Let x(k) be the first derivative of -k**3/3 + 7*k**2/2 - 4*k + 3. Determine x(5).
6
Let g be (2 + -5 - 1)/2. Let u(j) = -3*j + 6. Let b(r) = -9*r + 15*r + 10*r - 31. Let i(m) = g*b(m) - 11*u(m). Calculate i(-5).
-9
Let q(k) be the third derivative of k**4/24 - 3*k**3 - 7*k**2 - 6. What is q(0)?
-18
Suppose -3*m + 1 = o + 11, -27 = 4*o - m. Let r(h) = -h**2 - 8*h - 1. Calculate r(o).
6
Let c(l) = -2*l - 1. Let o be -3*2/(-9) + (-120)/18. Give c(o).
11
Let v(x) = -x + 2. Suppose 3*c = -10 - 8. Let t = 9 + c. Calculate v(t).
-1
Let d(y) = 2*y**2 - 2*y + 3. Let c(l) = l - 4. Let a be c(6). Calculate d(a).
7
Let s be -1 + (141/108 - 8/36). Let l(o) be the third derivative of -1/6*o**3 + 0 - 1/12*o**5 - 3*o**2 + 0*o + s*o**4 + 1/120*o**6. Determine l(5).
9
Let r(u) = 2*u - 7. Let j be r(5). Let h(w) = -4*w**j - w + w + w - 1. Determine h(1).
-4
Let k(l) = 2*l**3 - 10*l**2 + 10*l + 2. Let y(c) = 3*c**3 - 19*c**2 + 19*c + 4. Let h(o) = 5*k(o) - 3*y(o). Calculate h(-8).
-10
Suppose r = 4*i - 5, 6*i + 3*r = 3*i + 15. Let j(z) = 0 + 0 - 2*z. Give j(i).
-4
Let l(d) = 4*d**2 + 4*d - 4. Let u(k) = -5*k**2 - 5*k + 5. Let w(z) = -6*l(z) - 5*u(z). Determine w(-1).
-1
Let v(j) = j**2 - j. Let c(b) = 4*b**2 - 9*b + 3. Let h(k) = c(k) - 3*v(k). Let n(r) = r**3 - 4*r**2 - 4*r. Let s be n(5). Determine h(s).
-2
Let c(d) = -d - 8. Suppose -2*j - 12 = 4*y, -5*j = 3*y - j - 1. Determine c(y).
-3
Let n(c) = 8*c**2 + 35*c - 10. Let f(r) = -3 + 3*r**2 - 2*r + 0*r + 2*r + 12*r. Let v(l) = -11*f(l) + 4*n(l). Determine v(6).
5
Let q = 13 + -19. Let k(h) = -h**3 - 7*h**2 - 4*h - 1. Calculate k(q).
-13
Let z(v) = -v**2 + 0*v - 3*v - 4*v + 5*v - 3. Calculate z(-2).
-3
Suppose 0 = -s - 2 + 5. Let x be (-20)/(-12)*s/1. Suppose r + 20 = 3*p, -3*r = -2*p + x*p. Let m(h) = 2*h + 7. What is m(r)?
-3
Suppose -2*y + 15 = 3*y, -3*m - 4*y = 36. Let a be (-4)/(m/(-12)) - -5. Let k(l) = 2*l - 3. Let t(u) = u - 1. Let x(s) = 2*k(s) - 7*t(s). Give x(a).
-5
Let b(s) be the third derivative of -s**6/120 + s**5/10 - s**4/12 + 2*s**3/3 + s**2. Suppose 6 = 4*p - 30. Let m be 3 - p/(6/(-2)). What is b(m)?
-8
Suppose x + 4*x = -o + 28, -2*x - 4*o + 4 = 0. Let j(y) = -4*y + x - 1 - 1. What is j(3)?
-8
Suppose t + 17 = -4*x, 5*t = 5*x + 12 + 28. Let q(p) = -p**3 + 5*p - 3. Calculate q(t).
-15
Let d = -79 + 78. Let j(y) = -8*y - 2. Let q(v) = -1. Let b(f) = j(f) - 3*q(f). Calculate b(d).
9
Suppose 5*f + 15 + 10 = 0. Let j = 7 + f. Let b(i) = 4*i**2 - 3*i + 1. Determine b(j).
11
Let c(b) be the second derivative of b**5/60 - b**4/8 + b**3/3 + b. Let p(d) be the second derivative of c(d). Calculate p(5).
7
Let h(f) = -4 + 5 - 5*f + 6*f + 7*f. Give h(-3).
-23
Let u(p) = -p + 3. Let r(z) = -z + 2. Let f(w) = -7*r(w) + 5*u(w). What is f(-6)?
-11
Suppose 0*h = 3*v + h + 17, -4*v - 5*h - 30 = 0. Let y(x) = x**3 + 5*x**2 - 2*x - 4. What is y(v)?
6
Suppose -4 = -t + u, -5*t + 4 - 14 = u. Let s(n) = -3*n**3 - n**3 + 2*n + 8*n**3 + 1. What is s(t)?
-5
Suppose -w + 3 = -0*w. Let p(t) = -4 - 3*t + 3*t**2 + t**3 + 0*t**w + 0*t**3 + 0*t**2. Let f(j) = -3*j**2 - j - 1. Let y be f(-1). Determine p(y).
5
Suppose -3 = v + 5*i - 14, 3*v + 3*i + 3 = 0. Let c(p) = p**2 + 7*p + 8. Let q be c(-6). Let s(k) = -2*k + q + k + 2*k. Calculate s(v).
-2
Let o(s) = -1. Let x(b) = -b**2 - 10*b + 7. Let i(u) = -2*o(u) + 